{"id":251,"date":"2022-10-06T12:52:35","date_gmt":"2022-10-06T10:52:35","guid":{"rendered":"https:\/\/ellacuria.ugr.es\/?page_id=251"},"modified":"2022-10-06T13:06:18","modified_gmt":"2022-10-06T11:06:18","slug":"politica-de-cookies","status":"publish","type":"page","link":"https:\/\/ellacuria.ugr.es\/index.php\/politica-de-cookies\/","title":{"rendered":"Pol\u00edtica de cookies"},"content":{"rendered":"\t\t<div data-elementor-type=\"wp-page\" data-elementor-id=\"251\" class=\"elementor elementor-251\">\n\t\t\t\t\t\t<section class=\"elementor-section elementor-top-section elementor-element elementor-element-58a1403 elementor-section-boxed elementor-section-height-default elementor-section-height-default\" data-id=\"58a1403\" data-element_type=\"section\">\n\t\t\t\t\t\t<div class=\"elementor-container elementor-column-gap-default\">\n\t\t\t\t\t<div class=\"elementor-column elementor-col-100 elementor-top-column elementor-element elementor-element-35953c5\" data-id=\"35953c5\" data-element_type=\"column\">\n\t\t\t<div class=\"elementor-widget-wrap elementor-element-populated\">\n\t\t\t\t\t\t<div class=\"elementor-element elementor-element-3af40f1 elementor-widget elementor-widget-text-editor\" data-id=\"3af40f1\" data-element_type=\"widget\" data-widget_type=\"text-editor.default\">\n\t\t\t\t<div class=\"elementor-widget-container\">\n\t\t\t\t\t\t\t\t\t<h1><span class=\"has-inline-color\" style=\"color: #35522f;\">Pol\u00edtica de Cookies<\/span><\/h1><p><span style=\"color: #000000;\">La presente pol\u00edtica de cookies tiene por finalidad informarle de manera clara y precisa sobre las cookies que se utilizan en la p\u00e1gina web de la Universidad de Granada.<\/span><\/p><h3><span style=\"color: #35522f;\"><strong><span class=\"has-inline-color\">\u00bfQu\u00e9 son las cookies?<\/span><\/strong><\/span><\/h3><p><span style=\"color: #000000;\">Una cookie es un peque\u00f1o fragmento de texto que los sitios web que visita env\u00edan al navegador y que permite que el sitio web recuerde informaci\u00f3n sobre su visita, como su idioma preferido y otras opciones, con el fin de facilitar su pr\u00f3xima visita y hacer que el sitio le resulte m\u00e1s \u00fatil. Las cookies desempe\u00f1an un papel muy importante y contribuyen a tener una mejor experiencia de navegaci\u00f3n para el usuario.<\/span><\/p><h3><span style=\"color: #35522f;\"><strong><span class=\"has-inline-color\">Tipos de cookies<\/span><\/strong><\/span><\/h3><p><span style=\"color: #000000;\">Seg\u00fan qui\u00e9n sea la entidad que gestione el dominio desde d\u00f3nde se env\u00edan las cookies y se traten los datos que se obtengan, se pueden distinguir dos tipos: cookies propias y cookies de terceros.<\/span><\/p><p><span style=\"color: #000000;\">Existe tambi\u00e9n una segunda clasificaci\u00f3n seg\u00fan el plazo de tiempo que permanecen almacenadas en el navegador del cliente, pudiendo tratarse de cookies de sesi\u00f3n o cookies persistentes.<\/span><\/p><p><span style=\"color: #000000;\">Por \u00faltimo, existe otra clasificaci\u00f3n con cinco tipos de cookies seg\u00fan la finalidad para la que se traten los datos obtenidos: cookies t\u00e9cnicas, cookies de personalizaci\u00f3n, cookies de an\u00e1lisis, cookies publicitarias y cookies de publicidad comportamental.<\/span><\/p><p><span style=\"color: #000000;\">Para m\u00e1s informaci\u00f3n a este respecto puede consultar la Gu\u00eda sobre el uso de las cookies de la Agencia Espa\u00f1ola de Protecci\u00f3n de Datos.<\/span><\/p><h3><span style=\"color: #35522f;\"><strong><span class=\"has-inline-color\">Cookies utilizadas en la web<\/span><\/strong><\/span><\/h3><p><span style=\"color: #000000;\">A continuaci\u00f3n se identifican las cookies que est\u00e1n siendo utilizadas en este portal as\u00ed como su tipolog\u00eda y funci\u00f3n.<\/span><\/p><p><span style=\"color: #000000;\">La p\u00e1gina web de la Universidad de Granada utiliza Google Analytics, un servicio de anal\u00edtica web desarrollada por Google, que permite la medici\u00f3n y an\u00e1lisis de la navegaci\u00f3n en las p\u00e1ginas web. En su navegador podr\u00e1 observar cookies de este servicio. Seg\u00fan la tipolog\u00eda anterior se trata de cookies propias, de sesi\u00f3n y de an\u00e1lisis.<\/span><\/p><p><span style=\"color: #000000;\">A trav\u00e9s de la anal\u00edtica web se obtiene informaci\u00f3n relativa al n\u00famero de usuarios que acceden a la web, el n\u00famero de p\u00e1ginas vistas, la frecuencia y repetici\u00f3n de las visitas, su duraci\u00f3n, el navegador utilizado, el operador que presta el servicio, el idioma, el terminal que utiliza y la ciudad a la que est\u00e1 asignada su direcci\u00f3n IP. Informaci\u00f3n que posibilita un mejor y m\u00e1s apropiado servicio por parte de este portal.<\/span><\/p><p><span style=\"color: #000000;\">Para garantizar el anonimato, Google convertir\u00e1 su informaci\u00f3n en an\u00f3nima truncando la direcci\u00f3n IP antes de almacenarla, de forma que Google Analytics no se usa para localizar o recabar informaci\u00f3n personal identificable de los visitantes del sitio. Google solo podr\u00e1 enviar la informaci\u00f3n recabada por Google Analytics a terceros cuanto est\u00e9 legalmente obligado a ello. Con arreglo a las condiciones de prestaci\u00f3n del servicio de Google Analytics, Google no asociar\u00e1 su direcci\u00f3n IP a ning\u00fan otro dato conservado por Google.<\/span><\/p><p><span style=\"color: #000000;\">Por \u00faltimo, se descarga una cookie denominada cookie_agreed, propia, de tipo t\u00e9cnico y de sesi\u00f3n. Gestiona el consentimiento del usuario para el uso de las cookies en la p\u00e1gina web. El objetivo es recordar aquellos usuarios que las han aceptado y aquellos que no, de modo que a los primeros no se les muestre informaci\u00f3n en la parte inferior de la p\u00e1gina al respecto.<\/span><\/p><h3><span style=\"color: #35522f;\"><strong><span class=\"has-inline-color\">C\u00f3mo modificar la configuraci\u00f3n de las cookies<\/span><\/strong><\/span><\/h3><p><span style=\"color: #000000;\">Usted puede restringir, bloquear o borrar las cookies de la Universidad de Granada o cualquier otra p\u00e1gina web, utilizando su navegador. En cada navegador la operativa es diferente, la funci\u00f3n de \u2018Ayuda\u00bb le mostrar\u00e1 c\u00f3mo hacerlo.<\/span><\/p><ul><li><strong><a href=\"https:\/\/windows.microsoft.com\/es-xl\/internet-explorer\/delete-manage-cookies#ie=%22ie-10%22\" target=\"_blank\" rel=\"noopener\">Internet Explorer<\/a><\/strong><\/li><li><strong><a href=\"https:\/\/support.mozilla.org\/es\/kb\/Borrar%20cookies\" target=\"_blank\" rel=\"noopener\">FireFox<\/a><\/strong><\/li><li><strong><a href=\"https:\/\/support.google.com\/chrome\/answer\/95647?hl=%22es%22\" target=\"_blank\" rel=\"noopener\">Chrome<\/a><\/strong><\/li><li><strong><a href=\"https:\/\/www.apple.com\/es\/privacy\/use-of-cookies\/\" target=\"_blank\" rel=\"noopener\">Safari<\/a><\/strong><\/li><\/ul><h3><span class=\"has-inline-color\" style=\"color: #35522f;\">Descargas<\/span><\/h3><ul><li><strong><a href=\"https:\/\/www.aepd.es\/sites\/default\/files\/2020-07\/guia-cookies.pdf\" target=\"_blank\" rel=\"noopener\">Gu\u00eda sobre el uso de las cookies<\/a>\u00a0<\/strong><span style=\"color: #000000;\">de la Agencia de Espa\u00f1ola de Protecci\u00f3n de Datos.<\/span><\/li><\/ul><p><span style=\"color: #000000;\">Este sito web contiene enlaces a sitios web de terceros, cuyas pol\u00edticas de privacidad son ajenas a la de la Universidad de Granada. Al acceder a tales sitios web usted puede decidir si acepta sus pol\u00edticas de privacidad y de cookies. Con car\u00e1cter general, si navega por internet usted puede aceptar o rechazar las cookies de terceros desde las opciones de configuraci\u00f3n de su navegador.<\/span><\/p>\t\t\t\t\t\t\t\t<\/div>\n\t\t\t\t<\/div>\n\t\t\t\t\t<\/div>\n\t\t<\/div>\n\t\t\t\t\t<\/div>\n\t\t<\/section>\n\t\t\t\t<section class=\"elementor-section elementor-top-section elementor-element elementor-element-be9b011 elementor-section-stretched elementor-section-boxed elementor-section-height-default elementor-section-height-default\" data-id=\"be9b011\" data-element_type=\"section\" data-settings=\"{&quot;stretch_section&quot;:&quot;section-stretched&quot;}\">\n\t\t\t\t\t\t<div class=\"elementor-container elementor-column-gap-default\">\n\t\t\t\t\t<div class=\"elementor-column elementor-col-100 elementor-top-column elementor-element elementor-element-4c574a1\" data-id=\"4c574a1\" data-element_type=\"column\">\n\t\t\t<div class=\"elementor-widget-wrap elementor-element-populated\">\n\t\t\t\t\t\t<div class=\"elementor-element elementor-element-884492d elementor-widget-divider--view-line elementor-widget elementor-widget-divider\" data-id=\"884492d\" data-element_type=\"widget\" data-widget_type=\"divider.default\">\n\t\t\t\t<div class=\"elementor-widget-container\">\n\t\t\t\t\t\t\t<div class=\"elementor-divider\">\n\t\t\t<span class=\"elementor-divider-separator\">\n\t\t\t\t\t\t<\/span>\n\t\t<\/div>\n\t\t\t\t\t\t<\/div>\n\t\t\t\t<\/div>\n\t\t\t\t\t<\/div>\n\t\t<\/div>\n\t\t\t\t\t<\/div>\n\t\t<\/section>\n\t\t\t\t<\/div>\n\t\t","protected":false},"excerpt":{"rendered":"<p>Pol\u00edtica de Cookies La presente pol\u00edtica de cookies tiene por finalidad informarle de manera clara y precisa sobre las cookies que se utilizan en la p\u00e1gina web de la Universidad de Granada. \u00bfQu\u00e9 son las cookies? Una cookie es un peque\u00f1o fragmento de texto que los sitios web que visita env\u00edan al navegador y que [&hellip;]<\/p>\n","protected":false},"author":1,"featured_media":8,"parent":0,"menu_order":0,"comment_status":"closed","ping_status":"closed","template":"","meta":{"ocean_post_layout":"","ocean_both_sidebars_style":"","ocean_both_sidebars_content_width":0,"ocean_both_sidebars_sidebars_width":0,"ocean_sidebar":"0","ocean_second_sidebar":"0","ocean_disable_margins":"enable","ocean_add_body_class":"","ocean_shortcode_before_top_bar":"","ocean_shortcode_after_top_bar":"","ocean_shortcode_before_header":"","ocean_shortcode_after_header":"","ocean_has_shortcode":"","ocean_shortcode_after_title":"","ocean_shortcode_before_footer_widgets":"","ocean_shortcode_after_footer_widgets":"","ocean_shortcode_before_footer_bottom":"","ocean_shortcode_after_footer_bottom":"","ocean_display_top_bar":"default","ocean_display_header":"default","ocean_header_style":"","ocean_center_header_left_menu":"0","ocean_custom_header_template":"0","ocean_custom_logo":0,"ocean_custom_retina_logo":0,"ocean_custom_logo_max_width":0,"ocean_custom_logo_tablet_max_width":0,"ocean_custom_logo_mobile_max_width":0,"ocean_custom_logo_max_height":0,"ocean_custom_logo_tablet_max_height":0,"ocean_custom_logo_mobile_max_height":0,"ocean_header_custom_menu":"0","ocean_menu_typo_font_family":"0","ocean_menu_typo_font_subset":"","ocean_menu_typo_font_size":0,"ocean_menu_typo_font_size_tablet":0,"ocean_menu_typo_font_size_mobile":0,"ocean_menu_typo_font_size_unit":"px","ocean_menu_typo_font_weight":"","ocean_menu_typo_font_weight_tablet":"","ocean_menu_typo_font_weight_mobile":"","ocean_menu_typo_transform":"","ocean_menu_typo_transform_tablet":"","ocean_menu_typo_transform_mobile":"","ocean_menu_typo_line_height":0,"ocean_menu_typo_line_height_tablet":0,"ocean_menu_typo_line_height_mobile":0,"ocean_menu_typo_line_height_unit":"","ocean_menu_typo_spacing":0,"ocean_menu_typo_spacing_tablet":0,"ocean_menu_typo_spacing_mobile":0,"ocean_menu_typo_spacing_unit":"","ocean_menu_link_color":"","ocean_menu_link_color_hover":"","ocean_menu_link_color_active":"","ocean_menu_link_background":"","ocean_menu_link_hover_background":"","ocean_menu_link_active_background":"","ocean_menu_social_links_bg":"","ocean_menu_social_hover_links_bg":"","ocean_menu_social_links_color":"","ocean_menu_social_hover_links_color":"","ocean_disable_title":"default","ocean_disable_heading":"default","ocean_post_title":"","ocean_post_subheading":"","ocean_post_title_style":"","ocean_post_title_background_color":"","ocean_post_title_background":0,"ocean_post_title_bg_image_position":"","ocean_post_title_bg_image_attachment":"","ocean_post_title_bg_image_repeat":"","ocean_post_title_bg_image_size":"","ocean_post_title_height":0,"ocean_post_title_bg_overlay":0.5,"ocean_post_title_bg_overlay_color":"","ocean_disable_breadcrumbs":"default","ocean_breadcrumbs_color":"","ocean_breadcrumbs_separator_color":"","ocean_breadcrumbs_links_color":"","ocean_breadcrumbs_links_hover_color":"","ocean_display_footer_widgets":"default","ocean_display_footer_bottom":"default","ocean_custom_footer_template":"0","footnotes":""},"class_list":["post-251","page","type-page","status-publish","has-post-thumbnail","hentry","entry","has-media"],"yoast_head":"<!-- This site is optimized with the Yoast SEO plugin v26.7 - https:\/\/yoast.com\/wordpress\/plugins\/seo\/ -->\n<title>Pol\u00edtica de cookies - Ellacur\u00eda: Obras completas<\/title>\n<meta name=\"robots\" content=\"index, follow, max-snippet:-1, max-image-preview:large, max-video-preview:-1\" \/>\n<link rel=\"canonical\" href=\"https:\/\/ellacuria.ugr.es\/index.php\/politica-de-cookies\/\" \/>\n<meta property=\"og:locale\" content=\"es_ES\" \/>\n<meta property=\"og:type\" content=\"article\" \/>\n<meta property=\"og:title\" content=\"Pol\u00edtica de cookies - Ellacur\u00eda: Obras completas\" \/>\n<meta property=\"og:description\" content=\"Pol\u00edtica de Cookies La presente pol\u00edtica de cookies tiene por finalidad informarle de manera clara y precisa sobre las cookies que se utilizan en la p\u00e1gina web de la Universidad de Granada. \u00bfQu\u00e9 son las cookies? Una cookie es un peque\u00f1o fragmento de texto que los sitios web que visita env\u00edan al navegador y que [&hellip;]\" \/>\n<meta property=\"og:url\" content=\"https:\/\/ellacuria.ugr.es\/index.php\/politica-de-cookies\/\" \/>\n<meta property=\"og:site_name\" content=\"Ellacur\u00eda: Obras completas\" \/>\n<meta property=\"article:modified_time\" content=\"2022-10-06T11:06:18+00:00\" \/>\n<meta property=\"og:image\" content=\"https:\/\/ellacuria.ugr.es\/wp-content\/uploads\/2022\/10\/Logo-Ellacuria-editado2.png\" \/>\n\t<meta property=\"og:image:width\" content=\"275\" \/>\n\t<meta property=\"og:image:height\" content=\"268\" \/>\n\t<meta property=\"og:image:type\" content=\"image\/png\" \/>\n<meta name=\"twitter:card\" content=\"summary_large_image\" \/>\n<meta name=\"twitter:label1\" content=\"Tiempo de lectura\" \/>\n\t<meta name=\"twitter:data1\" content=\"4 minutos\" \/>\n<script type=\"application\/ld+json\" class=\"yoast-schema-graph\">{\"@context\":\"https:\/\/schema.org\",\"@graph\":[{\"@type\":\"WebPage\",\"@id\":\"https:\/\/ellacuria.ugr.es\/index.php\/politica-de-cookies\/\",\"url\":\"https:\/\/ellacuria.ugr.es\/index.php\/politica-de-cookies\/\",\"name\":\"Pol\u00edtica de cookies - Ellacur\u00eda: Obras completas\",\"isPartOf\":{\"@id\":\"https:\/\/ellacuria.ugr.es\/#website\"},\"primaryImageOfPage\":{\"@id\":\"https:\/\/ellacuria.ugr.es\/index.php\/politica-de-cookies\/#primaryimage\"},\"image\":{\"@id\":\"https:\/\/ellacuria.ugr.es\/index.php\/politica-de-cookies\/#primaryimage\"},\"thumbnailUrl\":\"https:\/\/i0.wp.com\/ellacuria.ugr.es\/wp-content\/uploads\/2022\/10\/Logo-Ellacuria-editado2.png?fit=275%2C268&ssl=1\",\"datePublished\":\"2022-10-06T10:52:35+00:00\",\"dateModified\":\"2022-10-06T11:06:18+00:00\",\"breadcrumb\":{\"@id\":\"https:\/\/ellacuria.ugr.es\/index.php\/politica-de-cookies\/#breadcrumb\"},\"inLanguage\":\"es\",\"potentialAction\":[{\"@type\":\"ReadAction\",\"target\":[\"https:\/\/ellacuria.ugr.es\/index.php\/politica-de-cookies\/\"]}]},{\"@type\":\"ImageObject\",\"inLanguage\":\"es\",\"@id\":\"https:\/\/ellacuria.ugr.es\/index.php\/politica-de-cookies\/#primaryimage\",\"url\":\"https:\/\/i0.wp.com\/ellacuria.ugr.es\/wp-content\/uploads\/2022\/10\/Logo-Ellacuria-editado2.png?fit=275%2C268&ssl=1\",\"contentUrl\":\"https:\/\/i0.wp.com\/ellacuria.ugr.es\/wp-content\/uploads\/2022\/10\/Logo-Ellacuria-editado2.png?fit=275%2C268&ssl=1\",\"width\":275,\"height\":268},{\"@type\":\"BreadcrumbList\",\"@id\":\"https:\/\/ellacuria.ugr.es\/index.php\/politica-de-cookies\/#breadcrumb\",\"itemListElement\":[{\"@type\":\"ListItem\",\"position\":1,\"name\":\"Portada\",\"item\":\"https:\/\/ellacuria.ugr.es\/\"},{\"@type\":\"ListItem\",\"position\":2,\"name\":\"Pol\u00edtica de cookies\"}]},{\"@type\":\"WebSite\",\"@id\":\"https:\/\/ellacuria.ugr.es\/#website\",\"url\":\"https:\/\/ellacuria.ugr.es\/\",\"name\":\"Ellacur\u00eda: Obras completas\",\"description\":\"Proyecto Ellacur\u00eda - Edici\u00f3n obras completas - Universidad de Granada\",\"publisher\":{\"@id\":\"https:\/\/ellacuria.ugr.es\/#organization\"},\"potentialAction\":[{\"@type\":\"SearchAction\",\"target\":{\"@type\":\"EntryPoint\",\"urlTemplate\":\"https:\/\/ellacuria.ugr.es\/?s={search_term_string}\"},\"query-input\":{\"@type\":\"PropertyValueSpecification\",\"valueRequired\":true,\"valueName\":\"search_term_string\"}}],\"inLanguage\":\"es\"},{\"@type\":\"Organization\",\"@id\":\"https:\/\/ellacuria.ugr.es\/#organization\",\"name\":\"Ellacur\u00eda - Obras completas\",\"url\":\"https:\/\/ellacuria.ugr.es\/\",\"logo\":{\"@type\":\"ImageObject\",\"inLanguage\":\"es\",\"@id\":\"https:\/\/ellacuria.ugr.es\/#\/schema\/logo\/image\/\",\"url\":\"https:\/\/ellacuria.ugr.es\/wp-content\/uploads\/2022\/10\/Logo-Ellacuria-editado2.png\",\"contentUrl\":\"https:\/\/ellacuria.ugr.es\/wp-content\/uploads\/2022\/10\/Logo-Ellacuria-editado2.png\",\"width\":275,\"height\":268,\"caption\":\"Ellacur\u00eda - Obras completas\"},\"image\":{\"@id\":\"https:\/\/ellacuria.ugr.es\/#\/schema\/logo\/image\/\"}}]}<\/script>\n<!-- \/ Yoast SEO plugin. -->","yoast_head_json":{"title":"Pol\u00edtica de cookies - Ellacur\u00eda: Obras completas","robots":{"index":"index","follow":"follow","max-snippet":"max-snippet:-1","max-image-preview":"max-image-preview:large","max-video-preview":"max-video-preview:-1"},"canonical":"https:\/\/ellacuria.ugr.es\/index.php\/politica-de-cookies\/","og_locale":"es_ES","og_type":"article","og_title":"Pol\u00edtica de cookies - Ellacur\u00eda: Obras completas","og_description":"Pol\u00edtica de Cookies La presente pol\u00edtica de cookies tiene por finalidad informarle de manera clara y precisa sobre las cookies que se utilizan en la p\u00e1gina web de la Universidad de Granada. \u00bfQu\u00e9 son las cookies? Una cookie es un peque\u00f1o fragmento de texto que los sitios web que visita env\u00edan al navegador y que [&hellip;]","og_url":"https:\/\/ellacuria.ugr.es\/index.php\/politica-de-cookies\/","og_site_name":"Ellacur\u00eda: Obras completas","article_modified_time":"2022-10-06T11:06:18+00:00","og_image":[{"width":275,"height":268,"url":"https:\/\/ellacuria.ugr.es\/wp-content\/uploads\/2022\/10\/Logo-Ellacuria-editado2.png","type":"image\/png"}],"twitter_card":"summary_large_image","twitter_misc":{"Tiempo de lectura":"4 minutos"},"schema":{"@context":"https:\/\/schema.org","@graph":[{"@type":"WebPage","@id":"https:\/\/ellacuria.ugr.es\/index.php\/politica-de-cookies\/","url":"https:\/\/ellacuria.ugr.es\/index.php\/politica-de-cookies\/","name":"Pol\u00edtica de cookies - Ellacur\u00eda: Obras completas","isPartOf":{"@id":"https:\/\/ellacuria.ugr.es\/#website"},"primaryImageOfPage":{"@id":"https:\/\/ellacuria.ugr.es\/index.php\/politica-de-cookies\/#primaryimage"},"image":{"@id":"https:\/\/ellacuria.ugr.es\/index.php\/politica-de-cookies\/#primaryimage"},"thumbnailUrl":"https:\/\/i0.wp.com\/ellacuria.ugr.es\/wp-content\/uploads\/2022\/10\/Logo-Ellacuria-editado2.png?fit=275%2C268&ssl=1","datePublished":"2022-10-06T10:52:35+00:00","dateModified":"2022-10-06T11:06:18+00:00","breadcrumb":{"@id":"https:\/\/ellacuria.ugr.es\/index.php\/politica-de-cookies\/#breadcrumb"},"inLanguage":"es","potentialAction":[{"@type":"ReadAction","target":["https:\/\/ellacuria.ugr.es\/index.php\/politica-de-cookies\/"]}]},{"@type":"ImageObject","inLanguage":"es","@id":"https:\/\/ellacuria.ugr.es\/index.php\/politica-de-cookies\/#primaryimage","url":"https:\/\/i0.wp.com\/ellacuria.ugr.es\/wp-content\/uploads\/2022\/10\/Logo-Ellacuria-editado2.png?fit=275%2C268&ssl=1","contentUrl":"https:\/\/i0.wp.com\/ellacuria.ugr.es\/wp-content\/uploads\/2022\/10\/Logo-Ellacuria-editado2.png?fit=275%2C268&ssl=1","width":275,"height":268},{"@type":"BreadcrumbList","@id":"https:\/\/ellacuria.ugr.es\/index.php\/politica-de-cookies\/#breadcrumb","itemListElement":[{"@type":"ListItem","position":1,"name":"Portada","item":"https:\/\/ellacuria.ugr.es\/"},{"@type":"ListItem","position":2,"name":"Pol\u00edtica de cookies"}]},{"@type":"WebSite","@id":"https:\/\/ellacuria.ugr.es\/#website","url":"https:\/\/ellacuria.ugr.es\/","name":"Ellacur\u00eda: Obras completas","description":"Proyecto Ellacur\u00eda - Edici\u00f3n obras completas - Universidad de Granada","publisher":{"@id":"https:\/\/ellacuria.ugr.es\/#organization"},"potentialAction":[{"@type":"SearchAction","target":{"@type":"EntryPoint","urlTemplate":"https:\/\/ellacuria.ugr.es\/?s={search_term_string}"},"query-input":{"@type":"PropertyValueSpecification","valueRequired":true,"valueName":"search_term_string"}}],"inLanguage":"es"},{"@type":"Organization","@id":"https:\/\/ellacuria.ugr.es\/#organization","name":"Ellacur\u00eda - Obras completas","url":"https:\/\/ellacuria.ugr.es\/","logo":{"@type":"ImageObject","inLanguage":"es","@id":"https:\/\/ellacuria.ugr.es\/#\/schema\/logo\/image\/","url":"https:\/\/ellacuria.ugr.es\/wp-content\/uploads\/2022\/10\/Logo-Ellacuria-editado2.png","contentUrl":"https:\/\/ellacuria.ugr.es\/wp-content\/uploads\/2022\/10\/Logo-Ellacuria-editado2.png","width":275,"height":268,"caption":"Ellacur\u00eda - Obras completas"},"image":{"@id":"https:\/\/ellacuria.ugr.es\/#\/schema\/logo\/image\/"}}]}},"jetpack_sharing_enabled":true,"jetpack_likes_enabled":true,"jetpack-related-posts":[{"id":489,"url":"https:\/\/ellacuria.ugr.es\/index.php\/volumenes\/","url_meta":{"origin":251,"position":0},"title":"Plan de edici\u00f3n","author":"mecenazgo","date":"17 de octubre de 2022","format":false,"excerpt":"Plan de edici\u00f3n Volumen I - PRIMEROS ESCRITOS I (1948-1954) Editor: Juan Antonio Nicol\u00e1s I \u2013 19481 \u2013 EL PROBLEMA DE DIOS (SEG\u00daN ZUBIRI)II \u2013 19522. FORMACI\u00d3N EN EL JUNIORADO 3. REFLEXI\u00d3N SOBRE LA ESCRITURA: VERSO O PROSA 4. REFLEXI\u00d3N SOBRE EL QUIJOTE 5. APUNTES DE FILOSOF\u00cdAIII \u2013 19536. DIARIO\u2026","rel":"","context":"Entrada similar","block_context":{"text":"Entrada similar","link":""},"img":{"alt_text":"","src":"https:\/\/i0.wp.com\/ellacuria.ugr.es\/wp-content\/uploads\/2022\/10\/Ellacuria_2067703301_11958808_660x371.jpg?resize=350%2C200&ssl=1","width":350,"height":200,"srcset":"https:\/\/i0.wp.com\/ellacuria.ugr.es\/wp-content\/uploads\/2022\/10\/Ellacuria_2067703301_11958808_660x371.jpg?resize=350%2C200&ssl=1 1x, https:\/\/i0.wp.com\/ellacuria.ugr.es\/wp-content\/uploads\/2022\/10\/Ellacuria_2067703301_11958808_660x371.jpg?resize=525%2C300&ssl=1 1.5x"},"classes":[]},{"id":699,"url":"https:\/\/ellacuria.ugr.es\/index.php\/siglas-de\/","url_meta":{"origin":251,"position":1},"title":"Siglas de obras","author":"mecenazgo","date":"8 de noviembre de 2022","format":false,"excerpt":"Siglas de obras de Ellacur\u00eda Libros CIR \u2013 Ignacio Ellacur\u00eda,\u00a0Conversi\u00f3n de la iglesia al reino de Dios para anunciarlo y realizarlo en la historia, Sal Terrae, Santander, 1984. FRHU \u2013 Ignacio Ellacur\u00eda,\u00a0Filosof\u00eda de la realidad hist\u00f3rica,\u00a0UCA Editores, San Salvador, 1990. FRHT \u2013 Ignacio Ellacur\u00eda,\u00a0Filosof\u00eda de la realidad hist\u00f3rica,\u00a0Editorial Trotta, Madrid,\u2026","rel":"","context":"Entrada similar","block_context":{"text":"Entrada similar","link":""},"img":{"alt_text":"","src":"https:\/\/i0.wp.com\/ellacuria.ugr.es\/wp-content\/uploads\/2022\/10\/Texto-Ellacuria-mecanografiado.jpg?resize=350%2C200&ssl=1","width":350,"height":200},"classes":[]},{"id":14,"url":"https:\/\/ellacuria.ugr.es\/","url_meta":{"origin":251,"position":2},"title":"Inicio","author":"mecenazgo","date":"5 de octubre de 2022","format":false,"excerpt":"El Proyecto\u00a0Ellacur\u00eda: Obras completas\u00a0tiene como objetivo la recopilaci\u00f3n y publicaci\u00f3n de todos los escritos de Ignacio Ellacur\u00eda. Se recogen textos de filosof\u00eda, teolog\u00eda, pol\u00edtica y dem\u00e1s disciplinas a las que dedic\u00f3 su esfuerzo reflexivo.\u00a0 La Universidad de Granada a trav\u00e9s de la\u00a0\u00abC\u00e1tedra G.W. Leibniz de Filosof\u00eda\u00bb asume la tarea cient\u00edfica\u2026","rel":"","context":"Entrada similar","block_context":{"text":"Entrada similar","link":""},"img":{"alt_text":"","src":"https:\/\/i0.wp.com\/ellacuria.ugr.es\/wp-content\/uploads\/2022\/10\/Logo-Ellacuria-editado2.png?fit=275%2C268&ssl=1&resize=350%2C200","width":350,"height":200},"classes":[]},{"id":125,"url":"https:\/\/ellacuria.ugr.es\/index.php\/presentacion\/","url_meta":{"origin":251,"position":3},"title":"Presentaci\u00f3n","author":"mecenazgo","date":"5 de octubre de 2022","format":false,"excerpt":"Presentaci\u00f3n del proyecto Introducci\u00f3n El Proyecto\u00a0Ellacur\u00eda: Obras completas\u00a0tiene como objetivo la recopilaci\u00f3n y publicaci\u00f3n de todos los textos publicados por Ignacio Ellacur\u00eda (1930-1989) a lo largo de su vida. Se recogen escritos de filosof\u00eda, teolog\u00eda, pol\u00edtica y dem\u00e1s disciplinas a las que Ellacur\u00eda dedic\u00f3 su esfuerzo reflexivo. Esta iniciativa se\u2026","rel":"","context":"Entrada similar","block_context":{"text":"Entrada similar","link":""},"img":{"alt_text":"","src":"https:\/\/i0.wp.com\/ellacuria.ugr.es\/wp-content\/uploads\/2022\/10\/Ignacio_Ellacuria-216x300.jpg?resize=350%2C200&ssl=1","width":350,"height":200},"classes":[]},{"id":151,"url":"https:\/\/ellacuria.ugr.es\/index.php\/plan-de-edicion\/","url_meta":{"origin":251,"position":4},"title":"Normas de edici\u00f3n","author":"mecenazgo","date":"5 de octubre de 2022","format":false,"excerpt":"Normas de edici\u00f3n Formato general La edici\u00f3n est\u00e1 prevista en 28\u00a0vol\u00famenes de 500 p\u00e1ginas aproximadamente. Editorial\u00a0Comares\u00a0ha asumido la publicaci\u00f3n de la edici\u00f3n completa.Estructura de cada volumen: Introducci\u00f3n, Textos Ellacur\u00eda, \u00cdndice de nombres, \u00cdndice de conceptos, \u00cdndice de siglas y abreviaturas.La introducci\u00f3n firmada por el editor responsable\u00a0ser\u00e1 de car\u00e1cter descriptivo y\u2026","rel":"","context":"Entrada similar","block_context":{"text":"Entrada similar","link":""},"img":{"alt_text":"","src":"https:\/\/i0.wp.com\/ellacuria.ugr.es\/wp-content\/uploads\/2022\/10\/DESCARGAR-NORMAS-DE-EDICION.png?resize=350%2C200&ssl=1","width":350,"height":200},"classes":[]}],"_links":{"self":[{"href":"https:\/\/ellacuria.ugr.es\/index.php\/wp-json\/wp\/v2\/pages\/251","targetHints":{"allow":["GET"]}}],"collection":[{"href":"https:\/\/ellacuria.ugr.es\/index.php\/wp-json\/wp\/v2\/pages"}],"about":[{"href":"https:\/\/ellacuria.ugr.es\/index.php\/wp-json\/wp\/v2\/types\/page"}],"author":[{"embeddable":true,"href":"https:\/\/ellacuria.ugr.es\/index.php\/wp-json\/wp\/v2\/users\/1"}],"replies":[{"embeddable":true,"href":"https:\/\/ellacuria.ugr.es\/index.php\/wp-json\/wp\/v2\/comments?post=251"}],"version-history":[{"count":7,"href":"https:\/\/ellacuria.ugr.es\/index.php\/wp-json\/wp\/v2\/pages\/251\/revisions"}],"predecessor-version":[{"id":278,"href":"https:\/\/ellacuria.ugr.es\/index.php\/wp-json\/wp\/v2\/pages\/251\/revisions\/278"}],"wp:featuredmedia":[{"embeddable":true,"href":"https:\/\/ellacuria.ugr.es\/index.php\/wp-json\/wp\/v2\/media\/8"}],"wp:attachment":[{"href":"https:\/\/ellacuria.ugr.es\/index.php\/wp-json\/wp\/v2\/media?parent=251"}],"curies":[{"name":"wp","href":"https:\/\/api.w.org\/{rel}","templated":true}]}}